{"id":5,"date":"2024-12-11T09:21:46","date_gmt":"2024-12-11T08:21:46","guid":{"rendered":"http:\/\/emilien-chamaulte.com\/?page_id=5"},"modified":"2025-04-22T17:23:54","modified_gmt":"2025-04-22T15:23:54","slug":"contact-professeur-golf","status":"publish","type":"page","link":"http:\/\/emilien-chamaulte.com\/?page_id=5","title":{"rendered":"Contact"},"content":{"rendered":"\t\t<div data-elementor-type=\"wp-page\" data-elementor-id=\"5\" class=\"elementor elementor-5\">\n\t\t\t\t<div class=\"elementor-element elementor-element-49c2788e e-flex e-con-boxed e-con e-parent\" data-id=\"49c2788e\" data-element_type=\"container\" data-e-type=\"container\">\n\t\t\t\t\t<div class=\"e-con-inner\">\n\t\t\t\t<div class=\"elementor-element elementor-element-46c4515d elementor-widget__width-initial elementor-widget elementor-widget-text-editor\" data-id=\"46c4515d\" data-element_type=\"widget\" data-e-type=\"widget\" data-widget_type=\"text-editor.default\">\n\t\t\t\t<div class=\"elementor-widget-container\">\n\t\t\t\t\t\t\t\t\t<p>Une question, une r\u00e9servation ou une demande sp\u00e9cifique li\u00e9e au golf ?\u00a0Laissez-moi un message,\u00a0je vous r\u00e9pondrai dans les meilleurs d\u00e9lais !<\/p>\n<p><!-- \/wp:paragraph --><!-- wp:wpforms\/form-selector {\"clientId\":\"3fb9af68-0fc5-4e69-9636-65fc7f51ea11\",\"formId\":\"29\",\"copyPasteJsonValue\":\"{\\u0022displayTitle\\u0022:false,\\u0022displayDesc\\u0022:false,\\u0022theme\\u0022:\\u0022default\\u0022,\\u0022themeName\\u0022:\\u0022\\u0022,\\u0022fieldSize\\u0022:\\u0022medium\\u0022,\\u0022backgroundImage\\u0022:\\u0022none\\u0022,\\u0022backgroundPosition\\u0022:\\u0022center center\\u0022,\\u0022backgroundRepeat\\u0022:\\u0022no-repeat\\u0022,\\u0022backgroundSizeMode\\u0022:\\u0022cover\\u0022,\\u0022backgroundSize\\u0022:\\u0022cover\\u0022,\\u0022backgroundWidth\\u0022:\\u0022100px\\u0022,\\u0022backgroundHeight\\u0022:\\u0022100px\\u0022,\\u0022backgroundUrl\\u0022:\\u0022url()\\u0022,\\u0022backgroundColor\\u0022:\\u0022rgba( 0, 0, 0, 0 )\\u0022,\\u0022fieldBorderRadius\\u0022:\\u00223px\\u0022,\\u0022fieldBorderStyle\\u0022:\\u0022solid\\u0022,\\u0022fieldBorderSize\\u0022:\\u00221px\\u0022,\\u0022fieldBackgroundColor\\u0022:\\u0022#ffffff\\u0022,\\u0022fieldBorderColor\\u0022:\\u0022rgba( 0, 0, 0, 0.25 )\\u0022,\\u0022fieldTextColor\\u0022:\\u0022rgba( 0, 0, 0, 0.7 )\\u0022,\\u0022fieldMenuColor\\u0022:\\u0022#ffffff\\u0022,\\u0022labelSize\\u0022:\\u0022medium\\u0022,\\u0022labelColor\\u0022:\\u0022rgba( 0, 0, 0, 0.85 )\\u0022,\\u0022labelSublabelColor\\u0022:\\u0022rgba( 0, 0, 0, 0.55 )\\u0022,\\u0022labelErrorColor\\u0022:\\u0022#d63637\\u0022,\\u0022buttonSize\\u0022:\\u0022medium\\u0022,\\u0022buttonBorderStyle\\u0022:\\u0022none\\u0022,\\u0022buttonBorderSize\\u0022:\\u00221px\\u0022,\\u0022buttonBorderRadius\\u0022:\\u00223px\\u0022,\\u0022buttonBackgroundColor\\u0022:\\u0022#066aab\\u0022,\\u0022buttonTextColor\\u0022:\\u0022#ffffff\\u0022,\\u0022buttonBorderColor\\u0022:\\u0022#066aab\\u0022,\\u0022pageBreakColor\\u0022:\\u0022#066aab\\u0022,\\u0022containerPadding\\u0022:\\u00220px\\u0022,\\u0022containerBorderStyle\\u0022:\\u0022none\\u0022,\\u0022containerBorderWidth\\u0022:\\u00221px\\u0022,\\u0022containerBorderColor\\u0022:\\u0022#000000\\u0022,\\u0022containerBorderRadius\\u0022:\\u00223px\\u0022,\\u0022containerShadowSize\\u0022:\\u0022none\\u0022,\\u0022customCss\\u0022:\\u0022\\u0022}\"} \/--><\/p>\t\t\t\t\t\t\t\t<\/div>\n\t\t\t\t<\/div>\n\t\t\t\t\t<\/div>\n\t\t\t\t<\/div>\n\t\t<div class=\"elementor-element elementor-element-0e62259 e-flex e-con-boxed e-con e-parent\" data-id=\"0e62259\" data-element_type=\"container\" data-e-type=\"container\">\n\t\t\t\t\t<div class=\"e-con-inner\">\n\t\t\t\t<div class=\"elementor-element elementor-element-c9eff46 elementor-widget__width-initial elementor-widget elementor-widget-wpforms\" data-id=\"c9eff46\" data-element_type=\"widget\" data-e-type=\"widget\" data-widget_type=\"wpforms.default\">\n\t\t\t\t<div class=\"elementor-widget-container\">\n\t\t\t\t\t<style id=\"wpforms-css-vars-elementor-widget-c9eff46\">\n\t\t\t\t.elementor-widget-wpforms.elementor-element-c9eff46 {\n\t\t\t\t--wpforms-field-background-color: #FFFFFF;\n--wpforms-field-border-color: #043A25B5;\n--wpforms-field-border-color-spare: #043A25B5;\n--wpforms-field-text-color: #01832D;\n\t\t\t}\n\t\t\t<\/style><div class=\"wpforms-container wpforms-container-full wpforms-render-modern\" id=\"wpforms-29\"><form id=\"wpforms-form-29\" class=\"wpforms-validate wpforms-form wpforms-ajax-form\" data-formid=\"29\" method=\"post\" enctype=\"multipart\/form-data\" action=\"\/index.php?rest_route=%2Fwp%2Fv2%2Fpages%2F5\" data-token=\"0890b36c1f2dab8896cd2ba5aaf89820\" data-token-time=\"1775394304\"><noscript class=\"wpforms-error-noscript\">Veuillez activer JavaScript dans votre navigateur pour remplir ce formulaire.<\/noscript><div id=\"wpforms-error-noscript\" style=\"display: none;\">Veuillez activer JavaScript dans votre navigateur pour remplir ce formulaire.<\/div><div class=\"wpforms-field-container\"><div id=\"wpforms-29-field_1-container\" class=\"wpforms-field wpforms-field-name\" data-field-id=\"1\"><fieldset><legend class=\"wpforms-field-label\">Identit\u00e9 du demandeur <span class=\"wpforms-required-label\" aria-hidden=\"true\">*<\/span><\/legend><div class=\"wpforms-field-row wpforms-field-medium\"><div class=\"wpforms-field-row-block wpforms-first wpforms-one-half\"><input type=\"text\" id=\"wpforms-29-field_1\" class=\"wpforms-field-name-first wpforms-field-required\" name=\"wpforms[fields][1][first]\" aria-errormessage=\"wpforms-29-field_1-error\" required><label for=\"wpforms-29-field_1\" class=\"wpforms-field-sublabel after\">Pr\u00e9nom<\/label><\/div><div class=\"wpforms-field-row-block wpforms-one-half\"><input type=\"text\" id=\"wpforms-29-field_1-last\" class=\"wpforms-field-name-last wpforms-field-required\" name=\"wpforms[fields][1][last]\" aria-errormessage=\"wpforms-29-field_1-last-error\" required><label for=\"wpforms-29-field_1-last\" class=\"wpforms-field-sublabel after\">Nom<\/label><\/div><\/div><\/fieldset><\/div>\t\t<div id=\"wpforms-29-field_3-container\"\n\t\t\tclass=\"wpforms-field wpforms-field-text\"\n\t\t\tdata-field-type=\"text\"\n\t\t\tdata-field-id=\"3\"\n\t\t\t>\n\t\t\t<label class=\"wpforms-field-label\" for=\"wpforms-29-field_3\" >en demande de<\/label>\n\t\t\t<input type=\"text\" id=\"wpforms-29-field_3\" class=\"wpforms-field-medium\" name=\"wpforms[fields][3]\" >\n\t\t<\/div>\n\t\t<div id=\"wpforms-29-field_2-container\" class=\"wpforms-field wpforms-field-email\" data-field-id=\"2\"><label class=\"wpforms-field-label\" for=\"wpforms-29-field_2\">E-mail <span class=\"wpforms-required-label\" aria-hidden=\"true\">*<\/span><\/label><input type=\"email\" id=\"wpforms-29-field_2\" class=\"wpforms-field-medium wpforms-field-required\" name=\"wpforms[fields][2]\" spellcheck=\"false\" aria-errormessage=\"wpforms-29-field_2-error\" required><\/div><div id=\"wpforms-29-field_4-container\" class=\"wpforms-field wpforms-field-select wpforms-field-select-style-classic\" data-field-id=\"4\"><label class=\"wpforms-field-label\" for=\"wpforms-29-field_4\">Objet de votre demande <span class=\"wpforms-required-label\" aria-hidden=\"true\">*<\/span><\/label><select id=\"wpforms-29-field_4\" class=\"wpforms-field-medium wpforms-field-required\" name=\"wpforms[fields][4]\" required=\"required\"><option value=\"Cours individuels\"  class=\"choice-1 depth-1\"  >Cours individuels<\/option><option value=\"Cours collectifs\"  class=\"choice-2 depth-1\"  >Cours collectifs<\/option><option value=\"Stages au Golf Club de Strasbourg\"  class=\"choice-3 depth-1\"  >Stages au Golf Club de Strasbourg<\/option><option value=\"Stages \u00e0 l&#039;\u00e9tranger\"  class=\"choice-6 depth-1\"  >Stages \u00e0 l'\u00e9tranger<\/option><option value=\"Pro Am\"  class=\"choice-5 depth-1\"  >Pro Am<\/option><option value=\"Autres demandes\"  class=\"choice-4 depth-1\"  >Autres demandes<\/option><\/select><\/div><div id=\"wpforms-29-field_5-container\" class=\"wpforms-field wpforms-field-textarea\" data-field-id=\"5\"><label class=\"wpforms-field-label\" for=\"wpforms-29-field_5\">Dites-m&#039;en plus en quelques mots <span class=\"wpforms-required-label\" aria-hidden=\"true\">*<\/span><\/label><textarea id=\"wpforms-29-field_5\" class=\"wpforms-field-medium wpforms-field-required\" name=\"wpforms[fields][5]\" aria-errormessage=\"wpforms-29-field_5-error\" required><\/textarea><\/div><script>\n\t\t\t\t( function() {\n\t\t\t\t\tconst style = document.createElement( 'style' );\n\t\t\t\t\tstyle.appendChild( document.createTextNode( '#wpforms-29-field_3-container { position: absolute !important; overflow: hidden !important; display: inline !important; height: 1px !important; width: 1px !important; z-index: -1000 !important; padding: 0 !important; } #wpforms-29-field_3-container input { visibility: hidden; } #wpforms-conversational-form-page #wpforms-29-field_3-container label { counter-increment: none; }' ) );\n\t\t\t\t\tdocument.head.appendChild( style );\n\t\t\t\t\tdocument.currentScript?.remove();\n\t\t\t\t} )();\n\t\t\t<\/script><\/div><!-- .wpforms-field-container --><div class=\"wpforms-recaptcha-container wpforms-is-recaptcha wpforms-is-recaptcha-type-v2\" ><div class=\"g-recaptcha\" data-sitekey=\"6Lc_kSArAAAAACNsDTUpe8iRU6yoS03kWDXDUp7B\"><\/div><input type=\"text\" name=\"g-recaptcha-hidden\" class=\"wpforms-recaptcha-hidden\" style=\"position:absolute!important;clip:rect(0,0,0,0)!important;height:1px!important;width:1px!important;border:0!important;overflow:hidden!important;padding:0!important;margin:0!important;\" data-rule-recaptcha=\"1\"><\/div><div class=\"wpforms-submit-container\" ><input type=\"hidden\" name=\"wpforms[id]\" value=\"29\"><input type=\"hidden\" name=\"page_title\" value=\"\"><input type=\"hidden\" name=\"page_url\" value=\"http:\/\/emilien-chamaulte.com\/index.php?rest_route=\/wp\/v2\/pages\/5\"><input type=\"hidden\" name=\"url_referer\" value=\"\"><button type=\"submit\" name=\"wpforms[submit]\" id=\"wpforms-submit-29\" class=\"wpforms-submit\" data-alt-text=\"Envoi...\" data-submit-text=\"Envoyer\" aria-live=\"assertive\" value=\"wpforms-submit\">Envoyer<\/button><img decoding=\"async\" src=\"http:\/\/emilien-chamaulte.com\/wp-content\/plugins\/wpforms-lite\/assets\/images\/submit-spin.svg\" class=\"wpforms-submit-spinner\" style=\"display: none;\" width=\"26\" height=\"26\" alt=\"Chargement en cours\"><\/div><\/form><\/div>  <!-- .wpforms-container -->\t\t\t\t<\/div>\n\t\t\t\t<\/div>\n\t\t\t\t\t<\/div>\n\t\t\t\t<\/div>\n\t\t<div class=\"elementor-element elementor-element-af20f64 e-flex e-con-boxed e-con e-parent\" data-id=\"af20f64\" data-element_type=\"container\" data-e-type=\"container\">\n\t\t\t\t\t<div class=\"e-con-inner\">\n\t\t\t\t<div class=\"elementor-element elementor-element-dde168d elementor-widget elementor-widget-google_maps\" data-id=\"dde168d\" data-element_type=\"widget\" data-e-type=\"widget\" data-widget_type=\"google_maps.default\">\n\t\t\t\t<div class=\"elementor-widget-container\">\n\t\t\t\t\t\t\t<div class=\"elementor-custom-embed\">\n\t\t\t<iframe loading=\"lazy\"\n\t\t\t\t\tsrc=\"https:\/\/maps.google.com\/maps?q=Golf%20Club%20de%20Strasbourg&#038;t=m&#038;z=10&#038;output=embed&#038;iwloc=near\"\n\t\t\t\t\ttitle=\"Golf Club de Strasbourg\"\n\t\t\t\t\taria-label=\"Golf Club de Strasbourg\"\n\t\t\t><\/iframe>\n\t\t<\/div>\n\t\t\t\t\t\t<\/div>\n\t\t\t\t<\/div>\n\t\t\t\t\t<\/div>\n\t\t\t\t<\/div>\n\t\t\t\t<\/div>\n\t\t","protected":false},"excerpt":{"rendered":"<p>Une question, une r\u00e9servation ou une demande sp\u00e9cifique li\u00e9e au golf ?\u00a0Laissez-moi un message,\u00a0je vous r\u00e9pondrai dans les meilleurs d\u00e9lais ! Veuillez activer JavaScript dans votre navigateur pour remplir ce formulaire.Veuillez activer JavaScript dans votre navigateur pour remplir ce formulaire. Identit\u00e9 du demandeur * Pr\u00e9nomNom E-mail *Objet de votre demande *Cours individuelsCours collectifsStages au Golf [&hellip;]<\/p>\n","protected":false},"author":1,"featured_media":0,"parent":0,"menu_order":0,"comment_status":"closed","ping_status":"closed","template":"","meta":{"footnotes":""},"class_list":["post-5","page","type-page","status-publish","hentry"],"yoast_head":"<!-- This site is optimized with the Yoast SEO plugin v27.3 - https:\/\/yoast.com\/product\/yoast-seo-wordpress\/ -->\n<title>Contact - Emilien CHAMAULTE - Professeur de golf en Alsace<\/title>\n<meta name=\"description\" content=\"Envie d&#039;am\u00e9liorer votre golf avec les conseils d&#039;un pro ? Etudions ensemble une offre adapt\u00e9 \u00e0 votre niveau de jeu.\" \/>\n<meta name=\"robots\" content=\"index, follow, max-snippet:-1, max-image-preview:large, max-video-preview:-1\" \/>\n<link rel=\"canonical\" href=\"http:\/\/emilien-chamaulte.com\/?page_id=5\" \/>\n<meta property=\"og:locale\" content=\"fr_FR\" \/>\n<meta property=\"og:type\" content=\"article\" \/>\n<meta property=\"og:title\" content=\"Contact - Emilien CHAMAULTE - Professeur de golf en Alsace\" \/>\n<meta property=\"og:description\" content=\"Envie d&#039;am\u00e9liorer votre golf avec les conseils d&#039;un pro ? Etudions ensemble une offre adapt\u00e9 \u00e0 votre niveau de jeu.\" \/>\n<meta property=\"og:url\" content=\"http:\/\/emilien-chamaulte.com\/?page_id=5\" \/>\n<meta property=\"og:site_name\" content=\"Emilien CHAMAULTE - Professeur de golf en Alsace\" \/>\n<meta property=\"article:modified_time\" content=\"2025-04-22T15:23:54+00:00\" \/>\n<meta property=\"og:image\" content=\"http:\/\/emilien-chamaulte.com\/wp-content\/plugins\/wpforms-lite\/assets\/images\/submit-spin.svg\" \/>\n<meta name=\"twitter:card\" content=\"summary_large_image\" \/>\n<meta name=\"twitter:label1\" content=\"Dur\u00e9e de lecture estim\u00e9e\" \/>\n\t<meta name=\"twitter:data1\" content=\"1 minute\" \/>\n<script type=\"application\/ld+json\" class=\"yoast-schema-graph\">{\"@context\":\"https:\\\/\\\/schema.org\",\"@graph\":[{\"@type\":\"WebPage\",\"@id\":\"http:\\\/\\\/emilien-chamaulte.com\\\/?page_id=5\",\"url\":\"http:\\\/\\\/emilien-chamaulte.com\\\/?page_id=5\",\"name\":\"Contact - Emilien CHAMAULTE - Professeur de golf en Alsace\",\"isPartOf\":{\"@id\":\"https:\\\/\\\/emilien-chamaulte.com\\\/#website\"},\"primaryImageOfPage\":{\"@id\":\"http:\\\/\\\/emilien-chamaulte.com\\\/?page_id=5#primaryimage\"},\"image\":{\"@id\":\"http:\\\/\\\/emilien-chamaulte.com\\\/?page_id=5#primaryimage\"},\"thumbnailUrl\":\"http:\\\/\\\/emilien-chamaulte.com\\\/wp-content\\\/plugins\\\/wpforms-lite\\\/assets\\\/images\\\/submit-spin.svg\",\"datePublished\":\"2024-12-11T08:21:46+00:00\",\"dateModified\":\"2025-04-22T15:23:54+00:00\",\"description\":\"Envie d'am\u00e9liorer votre golf avec les conseils d'un pro ? Etudions ensemble une offre adapt\u00e9 \u00e0 votre niveau de jeu.\",\"breadcrumb\":{\"@id\":\"http:\\\/\\\/emilien-chamaulte.com\\\/?page_id=5#breadcrumb\"},\"inLanguage\":\"fr-FR\",\"potentialAction\":[{\"@type\":\"ReadAction\",\"target\":[\"http:\\\/\\\/emilien-chamaulte.com\\\/?page_id=5\"]}]},{\"@type\":\"ImageObject\",\"inLanguage\":\"fr-FR\",\"@id\":\"http:\\\/\\\/emilien-chamaulte.com\\\/?page_id=5#primaryimage\",\"url\":\"http:\\\/\\\/emilien-chamaulte.com\\\/wp-content\\\/plugins\\\/wpforms-lite\\\/assets\\\/images\\\/submit-spin.svg\",\"contentUrl\":\"http:\\\/\\\/emilien-chamaulte.com\\\/wp-content\\\/plugins\\\/wpforms-lite\\\/assets\\\/images\\\/submit-spin.svg\"},{\"@type\":\"BreadcrumbList\",\"@id\":\"http:\\\/\\\/emilien-chamaulte.com\\\/?page_id=5#breadcrumb\",\"itemListElement\":[{\"@type\":\"ListItem\",\"position\":1,\"name\":\"Accueil\",\"item\":\"https:\\\/\\\/emilien-chamaulte.com\\\/\"},{\"@type\":\"ListItem\",\"position\":2,\"name\":\"Contact\"}]},{\"@type\":\"WebSite\",\"@id\":\"https:\\\/\\\/emilien-chamaulte.com\\\/#website\",\"url\":\"https:\\\/\\\/emilien-chamaulte.com\\\/\",\"name\":\"Emilien CHAMAULTE - Professeur de golf en Alsace\",\"description\":\"Swinguez vers l&#039;excellence !\",\"potentialAction\":[{\"@type\":\"SearchAction\",\"target\":{\"@type\":\"EntryPoint\",\"urlTemplate\":\"https:\\\/\\\/emilien-chamaulte.com\\\/?s={search_term_string}\"},\"query-input\":{\"@type\":\"PropertyValueSpecification\",\"valueRequired\":true,\"valueName\":\"search_term_string\"}}],\"inLanguage\":\"fr-FR\"}]}<\/script>\n<!-- \/ Yoast SEO plugin. -->","yoast_head_json":{"title":"Contact - Emilien CHAMAULTE - Professeur de golf en Alsace","description":"Envie d'am\u00e9liorer votre golf avec les conseils d'un pro ? Etudions ensemble une offre adapt\u00e9 \u00e0 votre niveau de jeu.","robots":{"index":"index","follow":"follow","max-snippet":"max-snippet:-1","max-image-preview":"max-image-preview:large","max-video-preview":"max-video-preview:-1"},"canonical":"http:\/\/emilien-chamaulte.com\/?page_id=5","og_locale":"fr_FR","og_type":"article","og_title":"Contact - Emilien CHAMAULTE - Professeur de golf en Alsace","og_description":"Envie d'am\u00e9liorer votre golf avec les conseils d'un pro ? Etudions ensemble une offre adapt\u00e9 \u00e0 votre niveau de jeu.","og_url":"http:\/\/emilien-chamaulte.com\/?page_id=5","og_site_name":"Emilien CHAMAULTE - Professeur de golf en Alsace","article_modified_time":"2025-04-22T15:23:54+00:00","og_image":[{"url":"http:\/\/emilien-chamaulte.com\/wp-content\/plugins\/wpforms-lite\/assets\/images\/submit-spin.svg","type":"","width":"","height":""}],"twitter_card":"summary_large_image","twitter_misc":{"Dur\u00e9e de lecture estim\u00e9e":"1 minute"},"schema":{"@context":"https:\/\/schema.org","@graph":[{"@type":"WebPage","@id":"http:\/\/emilien-chamaulte.com\/?page_id=5","url":"http:\/\/emilien-chamaulte.com\/?page_id=5","name":"Contact - Emilien CHAMAULTE - Professeur de golf en Alsace","isPartOf":{"@id":"https:\/\/emilien-chamaulte.com\/#website"},"primaryImageOfPage":{"@id":"http:\/\/emilien-chamaulte.com\/?page_id=5#primaryimage"},"image":{"@id":"http:\/\/emilien-chamaulte.com\/?page_id=5#primaryimage"},"thumbnailUrl":"http:\/\/emilien-chamaulte.com\/wp-content\/plugins\/wpforms-lite\/assets\/images\/submit-spin.svg","datePublished":"2024-12-11T08:21:46+00:00","dateModified":"2025-04-22T15:23:54+00:00","description":"Envie d'am\u00e9liorer votre golf avec les conseils d'un pro ? Etudions ensemble une offre adapt\u00e9 \u00e0 votre niveau de jeu.","breadcrumb":{"@id":"http:\/\/emilien-chamaulte.com\/?page_id=5#breadcrumb"},"inLanguage":"fr-FR","potentialAction":[{"@type":"ReadAction","target":["http:\/\/emilien-chamaulte.com\/?page_id=5"]}]},{"@type":"ImageObject","inLanguage":"fr-FR","@id":"http:\/\/emilien-chamaulte.com\/?page_id=5#primaryimage","url":"http:\/\/emilien-chamaulte.com\/wp-content\/plugins\/wpforms-lite\/assets\/images\/submit-spin.svg","contentUrl":"http:\/\/emilien-chamaulte.com\/wp-content\/plugins\/wpforms-lite\/assets\/images\/submit-spin.svg"},{"@type":"BreadcrumbList","@id":"http:\/\/emilien-chamaulte.com\/?page_id=5#breadcrumb","itemListElement":[{"@type":"ListItem","position":1,"name":"Accueil","item":"https:\/\/emilien-chamaulte.com\/"},{"@type":"ListItem","position":2,"name":"Contact"}]},{"@type":"WebSite","@id":"https:\/\/emilien-chamaulte.com\/#website","url":"https:\/\/emilien-chamaulte.com\/","name":"Emilien CHAMAULTE - Professeur de golf en Alsace","description":"Swinguez vers l&#039;excellence !","potentialAction":[{"@type":"SearchAction","target":{"@type":"EntryPoint","urlTemplate":"https:\/\/emilien-chamaulte.com\/?s={search_term_string}"},"query-input":{"@type":"PropertyValueSpecification","valueRequired":true,"valueName":"search_term_string"}}],"inLanguage":"fr-FR"}]}},"_links":{"self":[{"href":"http:\/\/emilien-chamaulte.com\/index.php?rest_route=\/wp\/v2\/pages\/5","targetHints":{"allow":["GET"]}}],"collection":[{"href":"http:\/\/emilien-chamaulte.com\/index.php?rest_route=\/wp\/v2\/pages"}],"about":[{"href":"http:\/\/emilien-chamaulte.com\/index.php?rest_route=\/wp\/v2\/types\/page"}],"author":[{"embeddable":true,"href":"http:\/\/emilien-chamaulte.com\/index.php?rest_route=\/wp\/v2\/users\/1"}],"replies":[{"embeddable":true,"href":"http:\/\/emilien-chamaulte.com\/index.php?rest_route=%2Fwp%2Fv2%2Fcomments&post=5"}],"version-history":[{"count":36,"href":"http:\/\/emilien-chamaulte.com\/index.php?rest_route=\/wp\/v2\/pages\/5\/revisions"}],"predecessor-version":[{"id":1371,"href":"http:\/\/emilien-chamaulte.com\/index.php?rest_route=\/wp\/v2\/pages\/5\/revisions\/1371"}],"wp:attachment":[{"href":"http:\/\/emilien-chamaulte.com\/index.php?rest_route=%2Fwp%2Fv2%2Fmedia&parent=5"}],"curies":[{"name":"wp","href":"https:\/\/api.w.org\/{rel}","templated":true}]}}